5?
5924
What is the remainder when 3075281 is divided by 1896?
1865
What is the remainder when 7154801 is divided by 7492?
7433
What is the remainder when 244747 is divided by 2879?
32
Calculate the remainder when 489496 is divided by 370.
356
What is the remainder when 580319 is divided by 11?
3
What is the remainder when 18678111 is divided by 71?
70
Calculate the remainder when 491473 is divided by 125.
98
What is the remainder when 146520285 is divided by 36?
33
What is the remainder when 19849169 is divided by 6814?
6801
Calculate the remainder when 312799 is divided by 11159.
347
Calculate the remainder when 48352321 is divided by 2049.
19
Calculate the remainder when 495061 is divided by 520.
21
What is the remainder when 200692199 is divided by 10?
9
What is the remainder when 615703 is divided by 27727?
5709
What is the remainder when 30249 is divided by 2467?
645
What is the remainder when 1880792 is divided by 104488?
8
What is the remainder when 256088 is divided by 6236?
412
Calculate the remainder when 201067 is divided by 28715.
62
Calculate the remainder when 317707 is divided by 11346.
19
Calculate the remainder when 23038 is divided by 2704.
1406
What is the remainder when 1111867 is divided by 64?
59
What is the remainder when 3242351 is divided by 585?
281
What is the remainder when 1161928 is divided by 2467?
2438
Calculate the remainder when 28853981 is divided by 26.
13
What is the remainder when 57286903 is divided by 8?
7
Calculate the remainder when 132020 is divided by 78.
44
What is the remainder when 1797991 is divided by 1671?
1666
What is the remainder when 2888833 is divided by 24272?
465
What is the remainder when 56462708 is divided by 1723?
1721
Calculate the remainder when 227987 is divided by 43745.
9262
Calculate the remainder when 443094 is divided by 73806.
258
What is the remainder when 45307055 is divided by 2457?
2432
Calculate the remainder when 42812215 is divided by 14270736.
7
Calculate the remainder when 66081 is divided by 2859.
324
What is the remainder when 1574972 is divided by 1699?
1698
Calculate the remainder when 182643 is divided by 2826.
1779
Calculate the remainder when 4292322 is divided by 53.
11
What is the remainder when 3286268 is divided by 768?
764
What is the remainder when 16684783 is divided by 16684757?
26
What is the remainder when 19491 is divided by 554?
101
Calculate the remainder when 13397022 is divided by 197015.
2
Calculate the remainder when 145091 is divided by 3070.
801
What is the remainder when 24521178 is divided by 86?
84
What is the remainder when 70384243 is divided by 30?
13
Calculate the remainder when 339763 is divided by 461.
6
What is the remainder when 1033432 is divided by 5221?
4895
Calculate the remainder when 987975 is divided by 61747.
23
What is the remainder when 28541417 is divided by 31?
27
What is the remainder when 391290 is divided by 95337?
9942
Calculate the remainder when 5485422 is divided by 1150.
1072
Calculate the remainder when 1557448 is divided by 1283.
1169
Calculate the remainder when 6997343 is divided by 146.
1
What is the remainder when 319424 is divided by 1113?
1106
Calculate the remainder when 1649165 is divided by 2541.
56
What is the remainder when 3742159 is divided by 80?
79
Calculate the remainder when 386206 is divided by 12458.
8
Calculate the remainder when 124086 is divided by 124045.
41
What is the remainder when 1928336 is divided by 141?
20
What is the remainder when 2921190 is divided by 324576?
6
What is the remainder when 587560 is divided by 146881?
36
What is the remainder when 34451432 is divided by 7158?
7136
What is the remainder when 1656572 is divided by 1764?
176
Calculate the remainder when 95210 is divided by 94058.
1152
Calculate the remainder when 1611593 is divided by 15959.
15693
What is the remainder when 8624944 is divided by 2874965?
49
Calculate the remainder when 35296939 is divided by 335.
334
What is the remainder when 1040117 is divided by 57782?
41
What is the remainder when 8943361 is divided by 41?
31
What is the remainder when 4932588 is divided by 94?
32
What is the remainder when 994307 is divided by 41428?
35
Calculate the remainder when 26393886 is divided by 62.
52
What is the remainder when 493304 is divided by 164423?
35
Calculate the remainder when 13705885 is divided by 210.
25
Calculate the remainder when 131506 is divided by 10956.
34
Calculate the remainder when 18288 is divided by 1076.
1072
What is the remainder when 2584490 is divided by 2648?
42
Calculate the remainder when 753691 is divided by 32369.
9204
What is the remainder when 90852 is divided by 844?
544
What is the remainder when 2278618 is divided by 2278572?
46
What is the remainder when 173358 is divided by 86677?
4
Calculate the remainder when 72453 is divided by 1576.
1533
Calculate the remainder when 2367432 is divided by 1240.
272
Calculate the remainder when 832568 is divided by 1875.
68
Calculate the remainder when 1875978 is divided by 4632.
18
Calculate the remainder when 376906 is divided by 9787.
5000
Calculate the remainder when 12029600 is divided by 1598.
1454
What is the remainder when 1319192 is divided by 647?
606
What is the remainder when 1100200 is divided by 2977?
1687
What is the remainder when 3366737 is divided by 206?
79
What is the remainder when 541331 is divided by 15?
11
What is the remainder when 202055918 is divided by 13?
12
What is the remainder when 251813 is divided by 10175?
7613
Calculate the remainder when 975701 is divided by 23.
18
What is the remainder when 12300613 is divided by 36?
25
What is the remainder when 77519 is divided by 972?
731
What is the remainder when 734537 is divided by 31880?
1297
Calculate the remainder when 18706107 is divided by 38890.
17
Calculate the remainder when 8418298 is divided by 181.
169
Calculate the remainder when 160963 is divided by 73.
71
What is the remainder when 932573 is divided by 193?
190
What is the remainder when 37998 is divided by 5136?
2046
Calculate the remainder when 951319 is divided by 80.
39
Calculate the remainder when 851621657 is divided by 4926.
4925
What is the remainder when 1574369 is divided by 1939?
1840
Calculate the remainder when 3698410 is divided by 1849199.
12
What is the remainder when 199366 is divided by 33225?
16
What is the remainder when 495624423 is divided by 1122?
1119
Calculate the remainder when 261656056 is divided by 10377.
1
Calculate the remainder when 91970 is divided by 3832.
2
Calculate the remainder when 55570 is divided by 1279.
573
Calculate the remainder when 1312183 is divided by 266.
5
What is the remainder when 5348150 is divided by 899?
898
Calculate the remainder when 2532826 is divided by 901.
115
What is the remainder when 3994582341 is divided by 24?
21
Calculate the remainder when 890766 is divided by 890565.
201
Calculate the remainder when 15246 is divided by 6760.
1726
Calculate the remainder when 2360 is divided by 101.
37
Calculate the remainder when 37125 is divided by 1968.
1701
Calculate the remainder when 296116468 is divided by 365.
363
What is the remainder when 71923 is divided by 13905?
2398
What is the remainder when 1875131 is divided by 937558?
15
Calculate the remainder when 64430134 is divided by 15707.
20
Calculate the remainder when 4192053 is divided by 47.
29
Calculate the remainder when 101359653 is divided by 221.
213
What is the remainder when 17871115 is divided by 2999?
74
Calculate the remainder when 1002171 is divided by 82.
49
Calculate the remainder when 73865 is divided by 768.
137
What is the remainder when 5145506 is divided by 33852?
2
Calculate the remainder when 136388368 is divided by 100.
68
Calculate the remainder when 14237308 is divided by 5.
3
What is the remainder when 192206 is divided by 658?
70
Calculate the remainder when 26383450 is divided by 7079.
17
What is the remainder when 1259108 is divided by 142?
136
What is the remainder when 1906699 is divided by 32874?
7
Calculate the remainder when 57251600 is divided by 41820.
20
What is the remainder when 492380 is divided by 492362?
18
Calculate the remainder when 2132864 is divided by 151.
140
What is the remainder when 21748 is divided by 10516?
716
What is the rem